{"id":28,"date":"2010-03-31T17:03:44","date_gmt":"2010-03-31T20:03:44","guid":{"rendered":"http:\/\/www.taioque.com.br\/?page_id=28"},"modified":"2021-02-14T00:17:05","modified_gmt":"2021-02-14T03:17:05","slug":"p-1","status":"publish","type":"page","link":"http:\/\/www.networktips.com.br\/?page_id=28","title":{"rendered":"ABOUT"},"content":{"rendered":"<div style=\"padding-bottom:20px; padding-top:10px;\" class=\"hupso-share-buttons\"><!-- Hupso Share Buttons - https:\/\/www.hupso.com\/share\/ --><a class=\"hupso_toolbar\" href=\"https:\/\/www.hupso.com\/share\/\"><img src=\"http:\/\/static.hupso.com\/share\/buttons\/dot.png\" style=\"border:0px; padding-top: 5px; float:left;\" alt=\"Share Button\"\/><\/a><script type=\"text\/javascript\">var hupso_services_t=new Array(\"Twitter\",\"Facebook\",\"Google Plus\",\"Linkedin\",\"Email\");var hupso_background_t=\"#EAF4FF\";var hupso_border_t=\"#66CCFF\";var hupso_toolbar_size_t=\"medium\";var hupso_image_folder_url = \"\";var hupso_twitter_via=\"jorgeltaioque\";var hupso_url_t=\"\";var hupso_title_t=\"ABOUT\";<\/script><script type=\"text\/javascript\" src=\"http:\/\/static.hupso.com\/share\/js\/share_toolbar.js\"><\/script><!-- Hupso Share Buttons --><\/div><p style=\"text-align: justify;\">O Site Network Tips surgiu da ideia de compartilhar id\u00e9ias e conhecimento em algumas \u00e1reas como Redes Wireless, Fibra \u00d3ptica, Programa\u00e7\u00e3o com uma pitada de F\u00edsica e Eletr\u00f4nica.<br \/>\nInicialmente o Blog com o nome taioque.com.br era apenas um blog pessoal onde foi compartilhado ideias e conhecimentos voltados a \u00e1rea de atua\u00e7\u00e3o, do autor ap\u00f3s um longo tempo (mais ou menos 5 anos) viu-se necess\u00e1rio que o blog deveria ter um nome mais voltado ao mundo das telecomunica\u00e7\u00f5es com foco em ajudar atuantes da \u00e1rea a realizarem suas tarefas de forma mais f\u00e1cil e com dicas interessantes.<\/p>\n<p><strong>CONTATO:<\/strong><br \/>\nJorge Luiz Taioque<br \/>\njorge at networktips dot com dot br<br \/>\njorgeluiztaioque at gmail dot com<\/p>\n<p><a href=\"http:\/\/buscatextual.cnpq.br\/buscatextual\/visualizacv.do?id=K4380787A1\" target=\"_blank\" rel=\"noopener noreferrer\">CV Lattes<\/a><br \/>\n<a href=\"http:\/\/br.linkedin.com\/in\/jorgeluiztaioque\" target=\"_blank\" rel=\"noopener noreferrer\">Linkedin<\/a><br \/>\n<a href=\"http:\/\/www.facebook.com\/jorgeluiztaioque\" target=\"_blank\" rel=\"noopener noreferrer\">Facebook<\/a><br \/>\n<a href=\"http:\/\/twitter.com\/jorgeltaioque\" target=\"_blank\" rel=\"noopener noreferrer\">Twiter<\/a><br \/>\n<a href=\"https:\/\/github.com\/jorgeluiztaioque\">GitHub<\/a><\/p>\n","protected":false},"excerpt":{"rendered":"<div style=\"padding-bottom:20px; padding-top:10px;\" class=\"hupso-share-buttons\"><!-- Hupso Share Buttons - https:\/\/www.hupso.com\/share\/ --><a class=\"hupso_toolbar\" href=\"https:\/\/www.hupso.com\/share\/\"><img src=\"http:\/\/static.hupso.com\/share\/buttons\/dot.png\" style=\"border:0px; padding-top: 5px; float:left;\" alt=\"Share Button\"\/><\/a><script type=\"text\/javascript\">var hupso_services_t=new Array(\"Twitter\",\"Facebook\",\"Google Plus\",\"Linkedin\",\"Email\");var hupso_background_t=\"#EAF4FF\";var hupso_border_t=\"#66CCFF\";var hupso_toolbar_size_t=\"medium\";var hupso_image_folder_url = \"\";var hupso_twitter_via=\"jorgeltaioque\";var hupso_url_t=\"\";var hupso_title_t=\"ABOUT\";<\/script><script type=\"text\/javascript\" src=\"http:\/\/static.hupso.com\/share\/js\/share_toolbar.js\"><\/script><!-- Hupso Share Buttons --><\/div><p>O Site Network Tips surgiu da ideia de compartilhar id\u00e9ias e conhecimento em algumas \u00e1reas como Redes Wireless, Fibra \u00d3ptica, Programa\u00e7\u00e3o com uma pitada de F\u00edsica e Eletr\u00f4nica. Inicialmente o Blog com o nome taioque.com.br era apenas um blog pessoal &hellip; <a href=\"http:\/\/www.networktips.com.br\/?page_id=28\">Continue lendo <span class=\"meta-nav\">&rarr;<\/span><\/a><\/p>\n","protected":false},"author":1,"featured_media":0,"parent":0,"menu_order":8,"comment_status":"open","ping_status":"open","template":"","meta":[],"_links":{"self":[{"href":"http:\/\/www.networktips.com.br\/index.php?rest_route=\/wp\/v2\/pages\/28"}],"collection":[{"href":"http:\/\/www.networktips.com.br\/index.php?rest_route=\/wp\/v2\/pages"}],"about":[{"href":"http:\/\/www.networktips.com.br\/index.php?rest_route=\/wp\/v2\/types\/page"}],"author":[{"embeddable":true,"href":"http:\/\/www.networktips.com.br\/index.php?rest_route=\/wp\/v2\/users\/1"}],"replies":[{"embeddable":true,"href":"http:\/\/www.networktips.com.br\/index.php?rest_route=%2Fwp%2Fv2%2Fcomments&post=28"}],"version-history":[{"count":28,"href":"http:\/\/www.networktips.com.br\/index.php?rest_route=\/wp\/v2\/pages\/28\/revisions"}],"predecessor-version":[{"id":1303,"href":"http:\/\/www.networktips.com.br\/index.php?rest_route=\/wp\/v2\/pages\/28\/revisions\/1303"}],"wp:attachment":[{"href":"http:\/\/www.networktips.com.br\/index.php?rest_route=%2Fwp%2Fv2%2Fmedia&parent=28"}],"curies":[{"name":"wp","href":"https:\/\/api.w.org\/{rel}","templated":true}]}}