{"id":541,"date":"2013-03-02T15:04:47","date_gmt":"2013-03-02T18:04:47","guid":{"rendered":"http:\/\/www.taioque.com.br\/?page_id=541"},"modified":"2021-02-14T00:15:02","modified_gmt":"2021-02-14T03:15:02","slug":"tools","status":"publish","type":"page","link":"http:\/\/www.networktips.com.br\/?page_id=541","title":{"rendered":"TOOLS"},"content":{"rendered":"<div style=\"padding-bottom:20px; padding-top:10px;\" class=\"hupso-share-buttons\"><!-- Hupso Share Buttons - https:\/\/www.hupso.com\/share\/ --><a class=\"hupso_toolbar\" href=\"https:\/\/www.hupso.com\/share\/\"><img src=\"http:\/\/static.hupso.com\/share\/buttons\/dot.png\" style=\"border:0px; padding-top: 5px; float:left;\" alt=\"Share Button\"\/><\/a><script type=\"text\/javascript\">var hupso_services_t=new Array(\"Twitter\",\"Facebook\",\"Google Plus\",\"Linkedin\",\"Email\");var hupso_background_t=\"#EAF4FF\";var hupso_border_t=\"#66CCFF\";var hupso_toolbar_size_t=\"medium\";var hupso_image_folder_url = \"\";var hupso_twitter_via=\"jorgeltaioque\";var hupso_url_t=\"\";var hupso_title_t=\"TOOLS\";<\/script><script type=\"text\/javascript\" src=\"http:\/\/static.hupso.com\/share\/js\/share_toolbar.js\"><\/script><!-- Hupso Share Buttons --><\/div><h4><strong>Selecione a ferramenta desejada:<\/strong><\/h4>\n<h4><a href=\"http:\/\/www.networktips.com.br\/?page_id=682\">Calculadora de Subnets IPv6<\/a><\/h4>\n<h4><a href=\"http:\/\/www.networktips.com.br\/?page_id=669\">Calculadora IPv6<\/a><\/h4>\n<h4><a href=\"http:\/\/www.networktips.com.br\/?page_id=551\">Calculo &#8211; Autonomia para banco de baterias<\/a><\/h4>\n<h4><a href=\"http:\/\/www.networktips.com.br\/?page_id=568\">Calculo \u2013 Link Wireless<\/a><\/h4>\n<h4><a href=\"http:\/\/www.networktips.com.br\/?page_id=546\">Calculo &#8211; Or\u00e7amento e projeto de redes \u00f3pticas<\/a><\/h4>\n<h4><a href=\"http:\/\/www.networktips.com.br\/?page_id=544\">Calculo &#8211; Potencia para enlace \u00f3ptico e FTTx<\/a><\/h4>\n<h4><a href=\"http:\/\/www.networktips.com.br\/?page_id=791\">Calculo &#8211; dimensionamento de AR condicionado BTUs<\/a><\/h4>\n<h3><\/h3>\n<p>&nbsp;<\/p>\n<p>&nbsp;<\/p>\n<p>&nbsp;<\/p>\n<p>&#8211;<\/p>\n","protected":false},"excerpt":{"rendered":"<div style=\"padding-bottom:20px; padding-top:10px;\" class=\"hupso-share-buttons\"><!-- Hupso Share Buttons - https:\/\/www.hupso.com\/share\/ --><a class=\"hupso_toolbar\" href=\"https:\/\/www.hupso.com\/share\/\"><img src=\"http:\/\/static.hupso.com\/share\/buttons\/dot.png\" style=\"border:0px; padding-top: 5px; float:left;\" alt=\"Share Button\"\/><\/a><script type=\"text\/javascript\">var hupso_services_t=new Array(\"Twitter\",\"Facebook\",\"Google Plus\",\"Linkedin\",\"Email\");var hupso_background_t=\"#EAF4FF\";var hupso_border_t=\"#66CCFF\";var hupso_toolbar_size_t=\"medium\";var hupso_image_folder_url = \"\";var hupso_twitter_via=\"jorgeltaioque\";var hupso_url_t=\"\";var hupso_title_t=\"TOOLS\";<\/script><script type=\"text\/javascript\" src=\"http:\/\/static.hupso.com\/share\/js\/share_toolbar.js\"><\/script><!-- Hupso Share Buttons --><\/div><p>Selecione a ferramenta desejada: Calculadora de Subnets IPv6 Calculadora IPv6 Calculo &#8211; Autonomia para banco de baterias Calculo \u2013 Link Wireless Calculo &#8211; Or\u00e7amento e projeto de redes \u00f3pticas Calculo &#8211; Potencia para enlace \u00f3ptico e FTTx Calculo &#8211; dimensionamento &hellip; <a href=\"http:\/\/www.networktips.com.br\/?page_id=541\">Continue lendo <span class=\"meta-nav\">&rarr;<\/span><\/a><\/p>\n","protected":false},"author":1,"featured_media":0,"parent":0,"menu_order":0,"comment_status":"open","ping_status":"open","template":"","meta":[],"_links":{"self":[{"href":"http:\/\/www.networktips.com.br\/index.php?rest_route=\/wp\/v2\/pages\/541"}],"collection":[{"href":"http:\/\/www.networktips.com.br\/index.php?rest_route=\/wp\/v2\/pages"}],"about":[{"href":"http:\/\/www.networktips.com.br\/index.php?rest_route=\/wp\/v2\/types\/page"}],"author":[{"embeddable":true,"href":"http:\/\/www.networktips.com.br\/index.php?rest_route=\/wp\/v2\/users\/1"}],"replies":[{"embeddable":true,"href":"http:\/\/www.networktips.com.br\/index.php?rest_route=%2Fwp%2Fv2%2Fcomments&post=541"}],"version-history":[{"count":9,"href":"http:\/\/www.networktips.com.br\/index.php?rest_route=\/wp\/v2\/pages\/541\/revisions"}],"predecessor-version":[{"id":1300,"href":"http:\/\/www.networktips.com.br\/index.php?rest_route=\/wp\/v2\/pages\/541\/revisions\/1300"}],"wp:attachment":[{"href":"http:\/\/www.networktips.com.br\/index.php?rest_route=%2Fwp%2Fv2%2Fmedia&parent=541"}],"curies":[{"name":"wp","href":"https:\/\/api.w.org\/{rel}","templated":true}]}}